{"id":15572,"date":"2023-11-10T07:58:43","date_gmt":"2023-11-10T07:58:43","guid":{"rendered":"http:\/\/10.20.0.24\/?page_id=15572"},"modified":"2025-09-15T18:18:32","modified_gmt":"2025-09-15T16:18:32","slug":"mision-vision-valores","status":"publish","type":"page","link":"https:\/\/www.emmsa.com.pe\/index.php\/mision-vision-valores\/","title":{"rendered":"Misi\u00f3n, Visi\u00f3n y Valores"},"content":{"rendered":"\t\t<div data-elementor-type=\"wp-page\" data-elementor-id=\"15572\" class=\"elementor elementor-15572\" data-elementor-post-type=\"page\">\n\t\t\t\t\t\t<section class=\"elementor-section elementor-top-section elementor-element elementor-element-0f04d17 elementor-section-boxed elementor-section-height-default elementor-section-height-default\" data-id=\"0f04d17\" data-element_type=\"section\">\n\t\t\t\t\t\t<div class=\"elementor-container elementor-column-gap-default\">\n\t\t\t\t\t<div class=\"elementor-column elementor-col-100 elementor-top-column elementor-element elementor-element-2f6d483\" data-id=\"2f6d483\" data-element_type=\"column\">\n\t\t\t<div class=\"elementor-widget-wrap elementor-element-populated\">\n\t\t\t\t\t\t<div class=\"elementor-element elementor-element-68953da elementor-widget elementor-widget-gimont_elementor_heading\" data-id=\"68953da\" data-element_type=\"widget\" data-widget_type=\"gimont_elementor_heading.default\">\n\t\t\t\t<div class=\"elementor-widget-container\">\n\t\t\t\n\t\t\t<div class=\"ova-heading template_1\">\n\t\t\t\t\t\t\t\t\n\t\t\t\t\t\t\t\t\t\t\t\t\t\t\t<h2 class=\"title\">Misi\u00f3n, Visi\u00f3n y Valores<\/h2>\n\t\t\t\t\t\t\t\t\t\t\n\t\t\t\t\t\t\t\t\n\t\t\t\t\n\t\t\t<\/div>\n\n\t\t\t\t<\/div>\n\t\t\t\t<\/div>\n\t\t\t\t<section class=\"elementor-section elementor-inner-section elementor-element elementor-element-d97bae1 elementor-section-full_width elementor-section-height-default elementor-section-height-default\" data-id=\"d97bae1\" data-element_type=\"section\">\n\t\t\t\t\t\t<div class=\"elementor-container elementor-column-gap-default\">\n\t\t\t\t\t<div class=\"elementor-column elementor-col-50 elementor-inner-column elementor-element elementor-element-31dd16a\" data-id=\"31dd16a\" data-element_type=\"column\">\n\t\t\t<div class=\"elementor-widget-wrap elementor-element-populated\">\n\t\t\t\t\t\t<div class=\"elementor-element elementor-element-db2c1e1 elementor-widget elementor-widget-gimont_elementor_icon_box\" data-id=\"db2c1e1\" data-element_type=\"widget\" data-widget_type=\"gimont_elementor_icon_box.default\">\n\t\t\t\t<div class=\"elementor-widget-container\">\n\t\t\t\n\t\t<div class=\"ova-icon-box template_2\">\n\t\t\t<div class=\"icon\">\n\t\t\t\t<svg aria-hidden=\"true\" class=\"e-font-icon-svg e-fas-bullseye\" viewBox=\"0 0 496 512\" xmlns=\"http:\/\/www.w3.org\/2000\/svg\"><path d=\"M248 8C111.03 8 0 119.03 0 256s111.03 248 248 248 248-111.03 248-248S384.97 8 248 8zm0 432c-101.69 0-184-82.29-184-184 0-101.69 82.29-184 184-184 101.69 0 184 82.29 184 184 0 101.69-82.29 184-184 184zm0-312c-70.69 0-128 57.31-128 128s57.31 128 128 128 128-57.31 128-128-57.31-128-128-128zm0 192c-35.29 0-64-28.71-64-64s28.71-64 64-64 64 28.71 64 64-28.71 64-64 64z\"><\/path><\/svg>\t\t\t<\/div>\n\n\t\t\t<div class=\"info\">\n\t\t\t\t\t\t\t\t\t<span class=\"sub-title\">\n\t\t\t\t\t\t2025\t\t\t\t\t<\/span>\n\t\t\t\t\n\t\t\t\t<h3 class=\"title\">Misi\u00f3n<\/h3>\n\n\t\t\t\t\t\t\t\t\t<p class=\"desc\">\n\t\t\t\t\t\tGestionar Mercados Mayoristas de productos agroalimentarios en la provincia de Lima con salubridad, resiliencia y a precios competitivos\t\t\t\t\t<\/p>\n\t\t\t\t\t\t\t<\/div>\n\t\t<\/div>\n\n\t\t\t\t<\/div>\n\t\t\t\t<\/div>\n\t\t\t\t\t<\/div>\n\t\t<\/div>\n\t\t\t\t<div class=\"elementor-column elementor-col-50 elementor-inner-column elementor-element elementor-element-57dd140\" data-id=\"57dd140\" data-element_type=\"column\">\n\t\t\t<div class=\"elementor-widget-wrap elementor-element-populated\">\n\t\t\t\t\t\t<div class=\"elementor-element elementor-element-45902a9 elementor-widget elementor-widget-gimont_elementor_icon_box\" data-id=\"45902a9\" data-element_type=\"widget\" data-widget_type=\"gimont_elementor_icon_box.default\">\n\t\t\t\t<div class=\"elementor-widget-container\">\n\t\t\t\n\t\t<div class=\"ova-icon-box template_2\">\n\t\t\t<div class=\"icon\">\n\t\t\t\t<svg aria-hidden=\"true\" class=\"e-font-icon-svg e-fas-eye\" viewBox=\"0 0 576 512\" xmlns=\"http:\/\/www.w3.org\/2000\/svg\"><path d=\"M572.52 241.4C518.29 135.59 410.93 64 288 64S57.68 135.64 3.48 241.41a32.35 32.35 0 0 0 0 29.19C57.71 376.41 165.07 448 288 448s230.32-71.64 284.52-177.41a32.35 32.35 0 0 0 0-29.19zM288 400a144 144 0 1 1 144-144 143.93 143.93 0 0 1-144 144zm0-240a95.31 95.31 0 0 0-25.31 3.79 47.85 47.85 0 0 1-66.9 66.9A95.78 95.78 0 1 0 288 160z\"><\/path><\/svg>\t\t\t<\/div>\n\n\t\t\t<div class=\"info\">\n\t\t\t\t\t\t\t\t\t<span class=\"sub-title\">\n\t\t\t\t\t\t2025\t\t\t\t\t<\/span>\n\t\t\t\t\n\t\t\t\t<h3 class=\"title\">Visi\u00f3n<\/h3>\n\n\t\t\t\t\t\t\t\t\t<p class=\"desc\">\n\t\t\t\t\t\tContar con Mercados Mayoristas modernos y con responsabilidad social en Lima Metropolitana\t\t\t\t\t<\/p>\n\t\t\t\t\t\t\t<\/div>\n\t\t<\/div>\n\n\t\t\t\t<\/div>\n\t\t\t\t<\/div>\n\t\t\t\t\t<\/div>\n\t\t<\/div>\n\t\t\t\t\t<\/div>\n\t\t<\/section>\n\t\t\t\t\t<\/div>\n\t\t<\/div>\n\t\t\t\t\t<\/div>\n\t\t<\/section>\n\t\t\t\t<section class=\"elementor-section elementor-top-section elementor-element elementor-element-34fff22 elementor-section-boxed elementor-section-height-default elementor-section-height-default\" data-id=\"34fff22\" data-element_type=\"section\" data-settings=\"{&quot;background_background&quot;:&quot;classic&quot;}\">\n\t\t\t\t\t\t<div class=\"elementor-container elementor-column-gap-default\">\n\t\t\t\t\t<div class=\"elementor-column elementor-col-100 elementor-top-column elementor-element elementor-element-816ce50\" data-id=\"816ce50\" data-element_type=\"column\" data-settings=\"{&quot;background_background&quot;:&quot;classic&quot;}\">\n\t\t\t<div class=\"elementor-widget-wrap elementor-element-populated\">\n\t\t\t\t\t\t<div class=\"elementor-element elementor-element-95349a9 elementor-widget elementor-widget-gimont_elementor_icon_box\" data-id=\"95349a9\" data-element_type=\"widget\" data-widget_type=\"gimont_elementor_icon_box.default\">\n\t\t\t\t<div class=\"elementor-widget-container\">\n\t\t\t\n\t\t<div class=\"ova-icon-box template_2\">\n\t\t\t<div class=\"icon\">\n\t\t\t\t<i aria-hidden=\"true\" class=\"flaticon flaticon-healthcare-1\"><\/i>\t\t\t<\/div>\n\n\t\t\t<div class=\"info\">\n\t\t\t\t\t\t\t\t\t<span class=\"sub-title\">\n\t\t\t\t\t\tValores institucionales\t\t\t\t\t<\/span>\n\t\t\t\t\n\t\t\t\t<h3 class=\"title\">Respeto<\/h3>\n\n\t\t\t\t\t\t\t\t\t<p class=\"desc\">\n\t\t\t\t\t\tLa persona humana es el principio y el fin del servicio p\u00fablico a cargo de EMMSA. Est\u00e1 terminantemente prohibida cualquier forma de discriminaci\u00f3n en EMMSA.\nToda persona merece igualdad de trato en igualdad de situaciones, entendi\u00e9ndose por esta aquella en que no median diferencias que de acuerdo a las normas vigentes deban tenerse en cuenta para establecer un trato diferenciado\t\t\t\t\t<\/p>\n\t\t\t\t\t\t\t<\/div>\n\t\t<\/div>\n\n\t\t\t\t<\/div>\n\t\t\t\t<\/div>\n\t\t\t\t<div class=\"elementor-element elementor-element-f1a0aab elementor-widget elementor-widget-gimont_elementor_icon_box\" data-id=\"f1a0aab\" data-element_type=\"widget\" data-widget_type=\"gimont_elementor_icon_box.default\">\n\t\t\t\t<div class=\"elementor-widget-container\">\n\t\t\t\n\t\t<div class=\"ova-icon-box template_2\">\n\t\t\t<div class=\"icon\">\n\t\t\t\t<i aria-hidden=\"true\" class=\"flaticon flaticon-interaction\"><\/i>\t\t\t<\/div>\n\n\t\t\t<div class=\"info\">\n\t\t\t\t\t\t\t\t\t<span class=\"sub-title\">\n\t\t\t\t\t\tValores institucionales\t\t\t\t\t<\/span>\n\t\t\t\t\n\t\t\t\t<h3 class=\"title\">Integridad<\/h3>\n\n\t\t\t\t\t\t\t\t\t<p class=\"desc\">\n\t\t\t\t\t\tTodos los colaboradores de EMMSA deben actuar en el marco del modelo de integridad para el ejercicio de sus funciones, prevaleciendo el inter\u00e9s de la empresa antes el inter\u00e9s personal y actuando de acuerdo a lo previsto en la normatividad vigente\t\t\t\t\t<\/p>\n\t\t\t\t\t\t\t<\/div>\n\t\t<\/div>\n\n\t\t\t\t<\/div>\n\t\t\t\t<\/div>\n\t\t\t\t<div class=\"elementor-element elementor-element-238784b elementor-widget elementor-widget-gimont_elementor_icon_box\" data-id=\"238784b\" data-element_type=\"widget\" data-widget_type=\"gimont_elementor_icon_box.default\">\n\t\t\t\t<div class=\"elementor-widget-container\">\n\t\t\t\n\t\t<div class=\"ova-icon-box template_2\">\n\t\t\t<div class=\"icon\">\n\t\t\t\t<i aria-hidden=\"true\" class=\"flaticon flaticon-service\"><\/i>\t\t\t<\/div>\n\n\t\t\t<div class=\"info\">\n\t\t\t\t\t\t\t\t\t<span class=\"sub-title\">\n\t\t\t\t\t\tValores institucionales\t\t\t\t\t<\/span>\n\t\t\t\t\n\t\t\t\t<h3 class=\"title\">Servicio<\/h3>\n\n\t\t\t\t\t\t\t\t\t<p class=\"desc\">\n\t\t\t\t\t\tTodo colaborador es responsable de las acciones que realice en el ejercicio de sus funciones; sin embargo, no debe supeditar su libertad ni su conciencia, ni puede expulsarse de un acto il\u00edcito, atribuy\u00e9ndolo a instrucciones del publico usuario o de un supervisor jer\u00e1rquico\t\t\t\t\t<\/p>\n\t\t\t\t\t\t\t<\/div>\n\t\t<\/div>\n\n\t\t\t\t<\/div>\n\t\t\t\t<\/div>\n\t\t\t\t\t<\/div>\n\t\t<\/div>\n\t\t\t\t\t<\/div>\n\t\t<\/section>\n\t\t\t\t<\/div>\n\t\t","protected":false},"excerpt":{"rendered":"<p>Misi\u00f3n, Visi\u00f3n y Valores 2025 Misi\u00f3n Gestionar Mercados Mayoristas de productos agroalimentarios en la provincia de Lima con salubridad, resiliencia y a precios competitivos 2025 Visi\u00f3n Contar con Mercados Mayoristas modernos y con responsabilidad social en Lima Metropolitana Valores institucionales Respeto La persona humana es el principio y el fin del servicio p\u00fablico a cargo [&hellip;]<\/p>\n","protected":false},"author":1,"featured_media":0,"parent":0,"menu_order":0,"comment_status":"closed","ping_status":"closed","template":"elementor_header_footer","meta":{"footnotes":""},"class_list":["post-15572","page","type-page","status-publish","hentry"],"_links":{"self":[{"href":"https:\/\/www.emmsa.com.pe\/index.php\/wp-json\/wp\/v2\/pages\/15572","targetHints":{"allow":["GET"]}}],"collection":[{"href":"https:\/\/www.emmsa.com.pe\/index.php\/wp-json\/wp\/v2\/pages"}],"about":[{"href":"https:\/\/www.emmsa.com.pe\/index.php\/wp-json\/wp\/v2\/types\/page"}],"author":[{"embeddable":true,"href":"https:\/\/www.emmsa.com.pe\/index.php\/wp-json\/wp\/v2\/users\/1"}],"replies":[{"embeddable":true,"href":"https:\/\/www.emmsa.com.pe\/index.php\/wp-json\/wp\/v2\/comments?post=15572"}],"version-history":[{"count":62,"href":"https:\/\/www.emmsa.com.pe\/index.php\/wp-json\/wp\/v2\/pages\/15572\/revisions"}],"predecessor-version":[{"id":21441,"href":"https:\/\/www.emmsa.com.pe\/index.php\/wp-json\/wp\/v2\/pages\/15572\/revisions\/21441"}],"wp:attachment":[{"href":"https:\/\/www.emmsa.com.pe\/index.php\/wp-json\/wp\/v2\/media?parent=15572"}],"curies":[{"name":"wp","href":"https:\/\/api.w.org\/{rel}","templated":true}]}}